{"id":41,"date":"2018-11-03T15:06:24","date_gmt":"2018-11-03T14:06:24","guid":{"rendered":"https:\/\/skalpel.edu.pl\/2021\/?page_id=41"},"modified":"2020-07-03T13:41:19","modified_gmt":"2020-07-03T11:41:19","slug":"kontakt","status":"publish","type":"page","link":"https:\/\/skalpel.edu.pl\/2021\/kontakt\/","title":{"rendered":"Kontakt"},"content":{"rendered":"<p style=\"text-align: center;\">Organizatorem wirtualnych szkole\u0144<\/p>\n<h4 style=\"text-align: center;\"><strong>SKALPEL 2020<\/strong><br \/>\n<strong>Nowoczesne techniki chirurgiczne wraz z algorytmami post\u0119powania oko\u0142ochirurgicznego<\/strong><\/h4>\n<p>&nbsp;<\/p>\n<p style=\"text-align: center;\">jest firma:<\/p>\n<p><a href=\"http:\/\/www.medvisa.pl\"><img loading=\"lazy\" class=\"aligncenter wp-image-107\" src=\"https:\/\/skalpel.edu.pl\/2021\/wp-content\/uploads\/2018\/11\/Logo-up.png\" alt=\"\" width=\"115\" height=\"81\" srcset=\"https:\/\/skalpel.edu.pl\/2021\/wp-content\/uploads\/2018\/11\/Logo-up.png 1191w, https:\/\/skalpel.edu.pl\/2021\/wp-content\/uploads\/2018\/11\/Logo-up-300x212.png 300w, https:\/\/skalpel.edu.pl\/2021\/wp-content\/uploads\/2018\/11\/Logo-up-768x543.png 768w, https:\/\/skalpel.edu.pl\/2021\/wp-content\/uploads\/2018\/11\/Logo-up-1024x724.png 1024w\" sizes=\"(max-width: 115px) 100vw, 115px\" \/><\/a><\/p>\n<p style=\"text-align: center;\"><strong>Medvisa Healthcare Solutions<\/strong><br \/>\nul. Fredry 7\/10<br \/>\n61-701 Pozna\u0144<br \/>\ntel. +48 690 906 766<br \/>\ntel. +48 570 131 777<br \/>\ne-mail: biuro@medvisa.pl<\/p>\n<p>&nbsp;<\/p>\n<p style=\"text-align: center;\">Dowiedz si\u0119 wi\u0119cej o projektach, kt\u00f3re realizujemy dla przedstawicieli \u015bwiata medycyny i farmacji:<\/p>\n<h3 style=\"text-align: center;\"><a href=\"http:\/\/www.medvisa.pl\"><strong>www.medvisa.pl<\/strong>\u00a0<\/a><\/h3>\n","protected":false},"excerpt":{"rendered":"<p>Organizatorem wirtualnych szkole\u0144 SKALPEL 2020 Nowoczesne techniki chirurgiczne wraz z algorytmami post\u0119powania oko\u0142ochirurgicznego &nbsp; jest firma: Medvisa Healthcare Solutions ul. Fredry 7\/10 61-701 Pozna\u0144 tel. +48 690 906 766 tel. +48 570 131 777 e-mail: biuro@medvisa.pl &nbsp; Dowiedz si\u0119 wi\u0119cej o projektach, kt\u00f3re realizujemy dla przedstawicieli \u015bwiata medycyny i farmacji: www.medvisa.pl\u00a0<\/p>\n","protected":false},"author":1,"featured_media":0,"parent":0,"menu_order":0,"comment_status":"closed","ping_status":"closed","template":"","meta":[],"yoast_head":"<!-- This site is optimized with the Yoast SEO plugin v14.8.1 - https:\/\/yoast.com\/wordpress\/plugins\/seo\/ -->\n<meta name=\"description\" content=\"SKALPEL to bezp\u0142atny cykl konferencji dla chirurg\u00f3w. Praktyczne, interdyscyplinarne szkolenia kierowane do chirurg\u00f3w praktyk\u00f3w. Praktyczne informacje, najnowsze metody diagnostyki i terapii.\" \/>\n<meta name=\"robots\" content=\"index, follow\" \/>\n<meta name=\"googlebot\" content=\"index, follow, max-snippet:-1, max-image-preview:large, max-video-preview:-1\" \/>\n<meta name=\"bingbot\" content=\"index, follow, max-snippet:-1, max-image-preview:large, max-video-preview:-1\" \/>\n<link rel=\"canonical\" href=\"https:\/\/skalpel.edu.pl\/2021\/kontakt\/\" \/>\n<meta property=\"og:locale\" content=\"pl_PL\" \/>\n<meta property=\"og:type\" content=\"article\" \/>\n<meta property=\"og:title\" content=\"Kontakt &mdash; Konferencja medyczna Skalpel\" \/>\n<meta property=\"og:description\" content=\"SKALPEL to bezp\u0142atny cykl konferencji dla chirurg\u00f3w. Praktyczne, interdyscyplinarne szkolenia kierowane do chirurg\u00f3w praktyk\u00f3w. Praktyczne informacje, najnowsze metody diagnostyki i terapii.\" \/>\n<meta property=\"og:url\" content=\"https:\/\/skalpel.edu.pl\/2021\/kontakt\/\" \/>\n<meta property=\"og:site_name\" content=\"Konferencja medyczna Skalpel\" \/>\n<meta property=\"article:publisher\" content=\"https:\/\/www.facebook.com\/skalpelkonferencje\" \/>\n<meta property=\"article:modified_time\" content=\"2020-07-03T11:41:19+00:00\" \/>\n<meta property=\"og:image\" content=\"https:\/\/skalpel.edu.pl\/wp-content\/uploads\/2018\/11\/Logo-up.png\" \/>\n<meta name=\"twitter:card\" content=\"summary_large_image\" \/>\n<script type=\"application\/ld+json\" class=\"yoast-schema-graph\">{\"@context\":\"https:\/\/schema.org\",\"@graph\":[{\"@type\":\"Organization\",\"@id\":\"https:\/\/skalpel.edu.pl\/2021\/#organization\",\"name\":\"Medvisa Healthcare Solutions\",\"url\":\"https:\/\/skalpel.edu.pl\/2021\/\",\"sameAs\":[\"https:\/\/www.facebook.com\/skalpelkonferencje\"],\"logo\":{\"@type\":\"ImageObject\",\"@id\":\"https:\/\/skalpel.edu.pl\/2021\/#logo\",\"inLanguage\":\"pl-PL\",\"url\":\"https:\/\/skalpel.edu.pl\/2021\/wp-content\/uploads\/2018\/11\/Logo-up.png\",\"width\":1191,\"height\":842,\"caption\":\"Medvisa Healthcare Solutions\"},\"image\":{\"@id\":\"https:\/\/skalpel.edu.pl\/2021\/#logo\"}},{\"@type\":\"WebSite\",\"@id\":\"https:\/\/skalpel.edu.pl\/2021\/#website\",\"url\":\"https:\/\/skalpel.edu.pl\/2021\/\",\"name\":\"Konferencja medyczna Skalpel\",\"description\":\"Nowoczesne techniki chirurgiczne wraz z algorytmami post\\u0119powania oko\\u0142ochirurgicznego\",\"publisher\":{\"@id\":\"https:\/\/skalpel.edu.pl\/2021\/#organization\"},\"potentialAction\":[{\"@type\":\"SearchAction\",\"target\":\"https:\/\/skalpel.edu.pl\/2021\/?s={search_term_string}\",\"query-input\":\"required name=search_term_string\"}],\"inLanguage\":\"pl-PL\"},{\"@type\":\"ImageObject\",\"@id\":\"https:\/\/skalpel.edu.pl\/2021\/kontakt\/#primaryimage\",\"inLanguage\":\"pl-PL\",\"url\":\"https:\/\/skalpel.edu.pl\/2021\/wp-content\/uploads\/2018\/11\/Logo-up.png\",\"width\":1191,\"height\":842},{\"@type\":\"WebPage\",\"@id\":\"https:\/\/skalpel.edu.pl\/2021\/kontakt\/#webpage\",\"url\":\"https:\/\/skalpel.edu.pl\/2021\/kontakt\/\",\"name\":\"Kontakt &mdash; Konferencja medyczna Skalpel\",\"isPartOf\":{\"@id\":\"https:\/\/skalpel.edu.pl\/2021\/#website\"},\"primaryImageOfPage\":{\"@id\":\"https:\/\/skalpel.edu.pl\/2021\/kontakt\/#primaryimage\"},\"datePublished\":\"2018-11-03T14:06:24+00:00\",\"dateModified\":\"2020-07-03T11:41:19+00:00\",\"description\":\"SKALPEL to bezp\\u0142atny cykl konferencji dla chirurg\\u00f3w. Praktyczne, interdyscyplinarne szkolenia kierowane do chirurg\\u00f3w praktyk\\u00f3w. Praktyczne informacje, najnowsze metody diagnostyki i terapii.\",\"inLanguage\":\"pl-PL\",\"potentialAction\":[{\"@type\":\"ReadAction\",\"target\":[\"https:\/\/skalpel.edu.pl\/2021\/kontakt\/\"]}]}]}<\/script>\n<!-- \/ Yoast SEO plugin. -->","_links":{"self":[{"href":"https:\/\/skalpel.edu.pl\/2021\/wp-json\/wp\/v2\/pages\/41"}],"collection":[{"href":"https:\/\/skalpel.edu.pl\/2021\/wp-json\/wp\/v2\/pages"}],"about":[{"href":"https:\/\/skalpel.edu.pl\/2021\/wp-json\/wp\/v2\/types\/page"}],"author":[{"embeddable":true,"href":"https:\/\/skalpel.edu.pl\/2021\/wp-json\/wp\/v2\/users\/1"}],"replies":[{"embeddable":true,"href":"https:\/\/skalpel.edu.pl\/2021\/wp-json\/wp\/v2\/comments?post=41"}],"version-history":[{"count":16,"href":"https:\/\/skalpel.edu.pl\/2021\/wp-json\/wp\/v2\/pages\/41\/revisions"}],"predecessor-version":[{"id":319,"href":"https:\/\/skalpel.edu.pl\/2021\/wp-json\/wp\/v2\/pages\/41\/revisions\/319"}],"wp:attachment":[{"href":"https:\/\/skalpel.edu.pl\/2021\/wp-json\/wp\/v2\/media?parent=41"}],"curies":[{"name":"wp","href":"https:\/\/api.w.org\/{rel}","templated":true}]}}